{"id":2719,"date":"2022-12-02T14:48:06","date_gmt":"2022-12-02T13:48:06","guid":{"rendered":"https:\/\/icaif.org\/?post_type=product&#038;p=2719"},"modified":"2022-12-02T14:50:47","modified_gmt":"2022-12-02T13:50:47","slug":"revue-aquafauna-version-papier-digital","status":"publish","type":"product","link":"https:\/\/icaif.org\/index.php\/produit\/revue-aquafauna-version-papier-digital\/","title":{"rendered":"Revue Aquafauna version papier + digital"},"content":{"rendered":"","protected":false},"excerpt":{"rendered":"<p>Version papier envoy\u00e9e \u00e0 votre domicile et acc\u00e8s \u00e0 la version digitale et anciennes publications<span class=\"more-link\"><a href=\"https:\/\/icaif.org\/index.php\/produit\/revue-aquafauna-version-papier-digital\/\">En savoir +<\/a><\/span><\/p>\n","protected":false},"featured_media":0,"comment_status":"closed","ping_status":"closed","template":"","meta":[],"product_brand":[],"product_cat":[48],"product_tag":[],"class_list":{"0":"entry","1":"author-admin7729","2":"has-excerpt","3":"post-2719","4":"product","5":"type-product","6":"status-publish","7":"product_cat-revue-aquafauna","9":"first","10":"instock","11":"shipping-taxable","12":"purchasable","13":"product-type-simple"},"_links":{"self":[{"href":"https:\/\/icaif.org\/index.php\/wp-json\/wp\/v2\/product\/2719","targetHints":{"allow":["GET"]}}],"collection":[{"href":"https:\/\/icaif.org\/index.php\/wp-json\/wp\/v2\/product"}],"about":[{"href":"https:\/\/icaif.org\/index.php\/wp-json\/wp\/v2\/types\/product"}],"replies":[{"embeddable":true,"href":"https:\/\/icaif.org\/index.php\/wp-json\/wp\/v2\/comments?post=2719"}],"wp:attachment":[{"href":"https:\/\/icaif.org\/index.php\/wp-json\/wp\/v2\/media?parent=2719"}],"wp:term":[{"taxonomy":"product_brand","embeddable":true,"href":"https:\/\/icaif.org\/index.php\/wp-json\/wp\/v2\/product_brand?post=2719"},{"taxonomy":"product_cat","embeddable":true,"href":"https:\/\/icaif.org\/index.php\/wp-json\/wp\/v2\/product_cat?post=2719"},{"taxonomy":"product_tag","embeddable":true,"href":"https:\/\/icaif.org\/index.php\/wp-json\/wp\/v2\/product_tag?post=2719"}],"curies":[{"name":"wp","href":"https:\/\/api.w.org\/{rel}","templated":true}]}}