{"id":98,"date":"2018-11-16T17:23:55","date_gmt":"2018-11-16T16:23:55","guid":{"rendered":"http:\/\/icaif.org\/?page_id=98"},"modified":"2026-02-19T21:44:59","modified_gmt":"2026-02-19T20:44:59","slug":"le-velifera","status":"publish","type":"page","link":"https:\/\/icaif.org\/index.php\/clubs-affilies\/le-velifera\/","title":{"rendered":"Le V\u00e9lif\u00e9ra (Uccle)"},"content":{"rendered":"<p style=\"text-align: center;\"><img loading=\"lazy\" decoding=\"async\" class=\"size-medium wp-image-285 aligncenter\" src=\"https:\/\/icaif.org\/wp-content\/uploads\/2018\/11\/Logo-Velifera-HD-300x300.jpg\" alt=\"\" width=\"300\" height=\"300\" srcset=\"https:\/\/icaif.org\/wp-content\/uploads\/2018\/11\/Logo-Velifera-HD-300x300.jpg 300w, https:\/\/icaif.org\/wp-content\/uploads\/2018\/11\/Logo-Velifera-HD-100x100.jpg 100w, https:\/\/icaif.org\/wp-content\/uploads\/2018\/11\/Logo-Velifera-HD-600x600.jpg 600w, https:\/\/icaif.org\/wp-content\/uploads\/2018\/11\/Logo-Velifera-HD-150x150.jpg 150w, https:\/\/icaif.org\/wp-content\/uploads\/2018\/11\/Logo-Velifera-HD-768x768.jpg 768w, https:\/\/icaif.org\/wp-content\/uploads\/2018\/11\/Logo-Velifera-HD-1024x1024.jpg 1024w, https:\/\/icaif.org\/wp-content\/uploads\/2018\/11\/Logo-Velifera-HD-1188x1188.jpg 1188w, https:\/\/icaif.org\/wp-content\/uploads\/2018\/11\/Logo-Velifera-HD.jpg 1772w\" sizes=\"auto, (max-width: 300px) 100vw, 300px\" \/><\/p>\n<p>Local : \u00ab\u00a0La Roseraie\u00a0\u00bb Chauss\u00e9e d\u2019Alsemberg, 1299 \/ B-1180\u00a0 Uccle<br \/>\nR\u00e9unions : Deux\u00a0 vendredis\u00a0 par\u00a0 mois \u00e0 20 h<br \/>\nT\u00e9l\u00e9phone : +32(0)497 99 82 55<\/p>\n<p>Coordination :<\/p>\n<ul>\n<li>BRAIBANT Pierre +32(0)497 99 82 55<\/li>\n<\/ul>\n<p>Administrateurs :<\/p>\n<ul>\n<li>BOULANGER Beno\u00eet +32(0)499 99 40 25<\/li>\n<li>COWEZ Pierre +32(0)473 79 67 69<\/li>\n<li>CRISTEA Diana +32(0)488 60 59 41<\/li>\n<li>HELEN Luc +32(0)473 78 06 28<\/li>\n<li>NIGAULX Gaston +32(0)498 75 94 68<\/li>\n<li>VAN DEN BROECK Fran\u00e7ois +32(0)498 75 94 68<\/li>\n<\/ul>\n<p>Site internet : <u><a href=\"http:\/\/www.velifera.be\" target=\"_blank\" rel=\"noopener\">www.velifera.be<\/a><\/u><\/p>\n","protected":false},"excerpt":{"rendered":"<p>Local : \u00ab\u00a0La Roseraie\u00a0\u00bb Chauss\u00e9e d\u2019Alsemberg, 1299 \/ B-1180\u00a0 Uccle R\u00e9unions : Deux\u00a0 vendredis\u00a0 par\u00a0 mois \u00e0 20 h T\u00e9l\u00e9phone : +32(0)497 99 82 55 Coordination : BRAIBANT Pierre +32(0)497 99 82 55 Administrateurs : BOULANGER Beno\u00eet +32(0)499 99 40 25 COWEZ Pierre +32(0)473 79 67 69 CRISTEA Diana +32(0)488<span class=\"more-link\"><a href=\"https:\/\/icaif.org\/index.php\/clubs-affilies\/le-velifera\/\">En savoir +<\/a><\/span><\/p>\n","protected":false},"author":1,"featured_media":0,"parent":42,"menu_order":13,"comment_status":"closed","ping_status":"closed","template":"","meta":{"footnotes":""},"class_list":["entry","author-admin7729","post-98","page","type-page","status-publish"],"_links":{"self":[{"href":"https:\/\/icaif.org\/index.php\/wp-json\/wp\/v2\/pages\/98","targetHints":{"allow":["GET"]}}],"collection":[{"href":"https:\/\/icaif.org\/index.php\/wp-json\/wp\/v2\/pages"}],"about":[{"href":"https:\/\/icaif.org\/index.php\/wp-json\/wp\/v2\/types\/page"}],"author":[{"embeddable":true,"href":"https:\/\/icaif.org\/index.php\/wp-json\/wp\/v2\/users\/1"}],"replies":[{"embeddable":true,"href":"https:\/\/icaif.org\/index.php\/wp-json\/wp\/v2\/comments?post=98"}],"version-history":[{"count":8,"href":"https:\/\/icaif.org\/index.php\/wp-json\/wp\/v2\/pages\/98\/revisions"}],"predecessor-version":[{"id":3340,"href":"https:\/\/icaif.org\/index.php\/wp-json\/wp\/v2\/pages\/98\/revisions\/3340"}],"up":[{"embeddable":true,"href":"https:\/\/icaif.org\/index.php\/wp-json\/wp\/v2\/pages\/42"}],"wp:attachment":[{"href":"https:\/\/icaif.org\/index.php\/wp-json\/wp\/v2\/media?parent=98"}],"curies":[{"name":"wp","href":"https:\/\/api.w.org\/{rel}","templated":true}]}}

Le Véliféra (Uccle)

<p style="text-align: center;"><img loading="lazy" decoding="async" class="size-medium wp-image-285 aligncenter" src="https://icaif.org/wp-content/uploads/2018/11/Logo-Velifera-HD-300x300.jpg" alt="" width="300" height="300" srcset="https://icaif.org/wp-content/uploads/2018/11/Logo-Velifera-HD-300x300.jpg 300w, https://icaif.org/wp-content/uploads/2018/11/Logo-Velifera-HD-100x100.jpg 100w, https://icaif.org/wp-content/uploads/2018/11/Logo-Velifera-HD-600x600.jpg 600w, https://icaif.org/wp-content/uploads/2018/11/Logo-Velifera-HD-150x150.jpg 150w, https://icaif.org/wp-content/uploads/2018/11/Logo-Velifera-HD-768x768.jpg 768w, https://icaif.org/wp-content/uploads/2018/11/Logo-Velifera-HD-1024x1024.jpg 1024w, https://icaif.org/wp-content/uploads/2018/11/Logo-Velifera-HD-1188x1188.jpg 1188w, https://icaif.org/wp-content/uploads/2018/11/Logo-Velifera-HD.jpg 1772w" sizes="auto, (max-width: 300px) 100vw, 300px" /></p>
<p>Local : « La Roseraie » Chaussée d’Alsemberg, 1299 / B-1180  Uccle<br />
Réunions : Deux  vendredis  par  mois à 20 h<br />
Téléphone : +32(0)497 99 82 55</p>
<p>Coordination :</p>
<ul>
<li>BRAIBANT Pierre +32(0)497 99 82 55</li>
</ul>
<p>Administrateurs :</p>
<ul>
<li>BOULANGER Benoît +32(0)499 99 40 25</li>
<li>COWEZ Pierre +32(0)473 79 67 69</li>
<li>CRISTEA Diana +32(0)488 60 59 41</li>
<li>HELEN Luc +32(0)473 78 06 28</li>
<li>NIGAULX Gaston +32(0)498 75 94 68</li>
<li>VAN DEN BROECK François +32(0)498 75 94 68</li>
</ul>
<p>Site internet : <u><a href="http://www.velifera.be" target="_blank" rel="noopener">www.velifera.be</a></u></p>

<p>Local : « La Roseraie » Chaussée d’Alsemberg, 1299 / B-1180  Uccle Réunions : Deux  vendredis  par  mois à 20 h Téléphone : +32(0)497 99 82 55 Coordination : BRAIBANT Pierre +32(0)497 99 82 55 Administrateurs : BOULANGER Benoît +32(0)499 99 40 25 COWEZ Pierre +32(0)473 79 67 69 CRISTEA Diana +32(0)488<span class="more-link"><a href="https://icaif.org/index.php/clubs-affilies/le-velifera/">En savoir +</a></span></p>
