{"id":74,"date":"2018-11-16T17:17:04","date_gmt":"2018-11-16T16:17:04","guid":{"rendered":"http:\/\/icaif.org\/?page_id=74"},"modified":"2026-02-19T21:51:07","modified_gmt":"2026-02-19T20:51:07","slug":"club-laquario","status":"publish","type":"page","link":"https:\/\/icaif.org\/index.php\/clubs-affilies\/club-laquario\/","title":{"rendered":"Club l\u2019Aquario (Saint-Saulve)"},"content":{"rendered":"<p style=\"text-align: center;\"><img loading=\"lazy\" decoding=\"async\" class=\"size-full wp-image-261 aligncenter\" src=\"https:\/\/icaif.org\/wp-content\/uploads\/2018\/11\/aquario.jpg\" alt=\"\" width=\"234\" height=\"175\" \/><\/p>\n<p>Local : MJC Saint-Saulve, Espace Athena\u00a0 Place du 8 mai 1945 \/ F-59880 Saint-Saulve &#8211; France<br \/>\nR\u00e9unions : le mercredi et samedi de 17h \u00e0 19h30<br \/>\nT\u00e9l\u00e9phone : +33(0)3 27.28.15.41<\/p>\n<p>Pr\u00e9sident et repr\u00e9sentant IC\u00a0 :<\/p>\n<ul>\n<li>Dupas Patrice +33(0)6 88 39 03 20<\/li>\n<\/ul>\n<p>Site internet : \u00a0<u><a href=\"http:\/\/laquario-grandeurnature.over-blog.com\" target=\"_blank\" rel=\"noopener\">http:\/\/laquario-grandeurnature.over-blog.com<\/a><\/u><\/p>\n","protected":false},"excerpt":{"rendered":"<p>Local : MJC Saint-Saulve, Espace Athena\u00a0 Place du 8 mai 1945 \/ F-59880 Saint-Saulve &#8211; France R\u00e9unions : le mercredi et samedi de 17h \u00e0 19h30 T\u00e9l\u00e9phone : +33(0)3 27.28.15.41 Pr\u00e9sident et repr\u00e9sentant IC\u00a0 : Dupas Patrice +33(0)6 88 39 03 20 Site internet : \u00a0http:\/\/laquario-grandeurnature.over-blog.com<span class=\"more-link\"><a href=\"https:\/\/icaif.org\/index.php\/clubs-affilies\/club-laquario\/\">En savoir +<\/a><\/span><\/p>\n","protected":false},"author":1,"featured_media":0,"parent":42,"menu_order":5,"comment_status":"closed","ping_status":"closed","template":"","meta":{"footnotes":""},"class_list":["entry","author-admin7729","post-74","page","type-page","status-publish"],"_links":{"self":[{"href":"https:\/\/icaif.org\/index.php\/wp-json\/wp\/v2\/pages\/74","targetHints":{"allow":["GET"]}}],"collection":[{"href":"https:\/\/icaif.org\/index.php\/wp-json\/wp\/v2\/pages"}],"about":[{"href":"https:\/\/icaif.org\/index.php\/wp-json\/wp\/v2\/types\/page"}],"author":[{"embeddable":true,"href":"https:\/\/icaif.org\/index.php\/wp-json\/wp\/v2\/users\/1"}],"replies":[{"embeddable":true,"href":"https:\/\/icaif.org\/index.php\/wp-json\/wp\/v2\/comments?post=74"}],"version-history":[{"count":6,"href":"https:\/\/icaif.org\/index.php\/wp-json\/wp\/v2\/pages\/74\/revisions"}],"predecessor-version":[{"id":3344,"href":"https:\/\/icaif.org\/index.php\/wp-json\/wp\/v2\/pages\/74\/revisions\/3344"}],"up":[{"embeddable":true,"href":"https:\/\/icaif.org\/index.php\/wp-json\/wp\/v2\/pages\/42"}],"wp:attachment":[{"href":"https:\/\/icaif.org\/index.php\/wp-json\/wp\/v2\/media?parent=74"}],"curies":[{"name":"wp","href":"https:\/\/api.w.org\/{rel}","templated":true}]}}