{"id":52,"date":"2018-11-16T16:58:34","date_gmt":"2018-11-16T15:58:34","guid":{"rendered":"http:\/\/icaif.org\/?page_id=52"},"modified":"2026-02-19T21:48:51","modified_gmt":"2026-02-19T20:48:51","slug":"grande-synthe","status":"publish","type":"page","link":"https:\/\/icaif.org\/index.php\/clubs-affilies\/grande-synthe\/","title":{"rendered":"AATGS (Grande-Synthe)"},"content":{"rendered":"<blockquote>\n<h3 class=\"module-title\" style=\"text-align: center;\">Association Aquariophile et Terrariophile de Grande-Synthe<\/h3>\n<h3 class=\"module-title\" style=\"text-align: center;\"><img loading=\"lazy\" decoding=\"async\" class=\"aligncenter wp-image-46 size-full\" src=\"https:\/\/icaif.org\/wp-content\/uploads\/2018\/11\/logo-grande-synthe.jpg\" alt=\"\" width=\"99\" height=\"120\" \/><\/h3>\n<\/blockquote>\n<p>Local : Espace A. Camus (AQUA-VIVARIUM) Rue George Sand \/ F-59760 Grande-Synthe \/ France<br \/>\nPermanences : les lundi et jeudi de 17h \u00e0 19h. Le samedi de 15h \u00e0 18h.<br \/>\nT\u00e9l\u00e9phone : +33(0)3 28 21 80 67<\/p>\n<p>Pr\u00e9sident :<\/p>\n<ul>\n<li>CARPENTIER Roger +33(0)6 68 42 25 77<\/li>\n<\/ul>\n<p>Secr\u00e9taire et repr\u00e9sentant IC :<\/p>\n<ul>\n<li>SALOMEZ Jean-Michel +33 (0)7 67 14 46 39<\/li>\n<\/ul>\n<p>Tr\u00e9sorier :<\/p>\n<ul>\n<li>CARPENTIER Fabien +33 (0)6 17 59 19 72<\/li>\n<\/ul>\n<div id=\"ConnectiveDocSignExtentionInstalled\" data-extension-version=\"1.0.4\"><\/div>\n","protected":false},"excerpt":{"rendered":"<p>Association Aquariophile et Terrariophile de Grande-Synthe Local : Espace A. Camus (AQUA-VIVARIUM) Rue George Sand \/ F-59760 Grande-Synthe \/ France Permanences : les lundi et jeudi de 17h \u00e0 19h. Le samedi de 15h \u00e0 18h. T\u00e9l\u00e9phone : +33(0)3 28 21 80 67 Pr\u00e9sident : CARPENTIER Roger +33(0)6 68 42<span class=\"more-link\"><a href=\"https:\/\/icaif.org\/index.php\/clubs-affilies\/grande-synthe\/\">En savoir +<\/a><\/span><\/p>\n","protected":false},"author":1,"featured_media":0,"parent":42,"menu_order":0,"comment_status":"closed","ping_status":"closed","template":"","meta":{"footnotes":""},"class_list":["entry","author-admin7729","post-52","page","type-page","status-publish"],"_links":{"self":[{"href":"https:\/\/icaif.org\/index.php\/wp-json\/wp\/v2\/pages\/52","targetHints":{"allow":["GET"]}}],"collection":[{"href":"https:\/\/icaif.org\/index.php\/wp-json\/wp\/v2\/pages"}],"about":[{"href":"https:\/\/icaif.org\/index.php\/wp-json\/wp\/v2\/types\/page"}],"author":[{"embeddable":true,"href":"https:\/\/icaif.org\/index.php\/wp-json\/wp\/v2\/users\/1"}],"replies":[{"embeddable":true,"href":"https:\/\/icaif.org\/index.php\/wp-json\/wp\/v2\/comments?post=52"}],"version-history":[{"count":10,"href":"https:\/\/icaif.org\/index.php\/wp-json\/wp\/v2\/pages\/52\/revisions"}],"predecessor-version":[{"id":3342,"href":"https:\/\/icaif.org\/index.php\/wp-json\/wp\/v2\/pages\/52\/revisions\/3342"}],"up":[{"embeddable":true,"href":"https:\/\/icaif.org\/index.php\/wp-json\/wp\/v2\/pages\/42"}],"wp:attachment":[{"href":"https:\/\/icaif.org\/index.php\/wp-json\/wp\/v2\/media?parent=52"}],"curies":[{"name":"wp","href":"https:\/\/api.w.org\/{rel}","templated":true}]}}