{"id":2690,"date":"2022-11-23T23:40:12","date_gmt":"2022-11-23T22:40:12","guid":{"rendered":"https:\/\/icaif.org\/?page_id=2690"},"modified":"2023-05-30T20:19:35","modified_gmt":"2023-05-30T18:19:35","slug":"agenda","status":"publish","type":"page","link":"https:\/\/icaif.org\/index.php\/agenda\/","title":{"rendered":"Agenda aquariophile"},"content":{"rendered":"\n\r\n<table class=\"spiffy calendar-table bigcal\">\r\n\t<tr class=\"calendar-toggle-row\">\r\n\t  <td colspan=\"7\" class=\"calendar-toggle\" >\r\n\t\t<a class=\"calendar-toggle-button\" \r\n\t\t\t\t\thref=\"#\" \r\n\t\t\t\t\tonclick=\"return false;\" \r\n\t\t\t\t\tdata-list=\"List View\" \r\n\t\t\t\t\tdata-grid=\"Grid View\"\r\n\t\t\t\t\tdata-month=\"avril\"\r\n\t\t>List View<\/a>\r\n\t  <\/td>\r\n\t<\/tr><tr class=\"category-key-row\"><td colspan=\"7\" class=\"category-key\" ><table class=\"spiffy cat-key\"><colgroup>\r\n\t<col style=\"width:10px; height:10px;\">\r\n\t<col>\r\n<\/colgroup>\r\n<tr><td colspan=\"2\" class=\"cat-key-cell\"><strong>Cat\u00e9gories<\/strong><\/td><\/tr><tr class=\" spiffy-category-filter-button\" data-category=\"51\"><td style=\"background-color:#2562e8; \" class=\"cat-key-cell\"><\/td>\r\n\t<td class=\"cat-key-cell\" data-category=\"51\">&nbsp;Bourses aquariophiles<\/td><\/tr><tr class=\" spiffy-category-filter-button\" data-category=\"52\"><td style=\"background-color:#dd9933; \" class=\"cat-key-cell\"><\/td>\r\n\t<td class=\"cat-key-cell\" data-category=\"52\">&nbsp;Conf\u00e9rence<\/td><\/tr><tr class=\" spiffy-category-filter-button\" data-category=\"50\"><td style=\"background-color:#000000; \" class=\"cat-key-cell\"><\/td>\r\n\t<td class=\"cat-key-cell\" data-category=\"50\">&nbsp;Divers<\/td><\/tr><tr class=\" spiffy-category-filter-button\" data-category=\"54\"><td style=\"background-color:#c204c9; \" class=\"cat-key-cell\"><\/td>\r\n\t<td class=\"cat-key-cell\" data-category=\"54\">&nbsp;R\u00e9union du Club<\/td><\/tr><tr class=\" spiffy-category-filter-button\" data-category=\"53\"><td style=\"background-color:#960a00; \" class=\"cat-key-cell\"><\/td>\r\n\t<td class=\"cat-key-cell\" data-category=\"53\">&nbsp;R\u00e9union ICAIF<\/td><\/tr><\/table><\/td><\/tr>\r\n\t<tr class=\"calendar-heading\"><td colspan=\"7\" class=\"calendar-date-switcher\">\r\n\t\t<table class=\"calendar-heading-tbl\">\r\n\t\t<tr>\r\n\t\t\t<td class=\"calendar-prev\"><a rel=\"nofollow\" title=\"Previous month\" class=\"spiffy-calendar-arrow\" onclick=\"sessionStorage.scrollTop = jQuery(window).scrollTop();\" href=\"\/index.php\/wp-json\/wp\/v2\/pages\/2690?grid-list-toggle=grid&#038;month=mar&#038;yr=2026\">&lt;<\/a><\/td>\r\n\r\n\t\t\t<td class=\"calendar-month\">\r\n\t\t\t\t<form method=\"get\" action=\"\/index.php\/wp-json\/wp\/v2\/pages\/2690\">\r\n\t\t\t\t\t<select name=\"month\">\r\n\t\t\t\t\t\t<option value=\"jan\">janvier<\/option>\r\n\t\t\t\t\t\t<option value=\"feb\">f\u00e9vrier<\/option>\r\n\t\t\t\t\t\t<option value=\"mar\">mars<\/option>\r\n\t\t\t\t\t\t<option value=\"apr\" selected=\"selected\">avril<\/option>\r\n\t\t\t\t\t\t<option value=\"may\">mai<\/option>\r\n\t\t\t\t\t\t<option value=\"jun\">juin<\/option>\r\n\t\t\t\t\t\t<option value=\"jul\">juillet<\/option> \r\n\t\t\t\t\t\t<option value=\"aug\">ao\u00fbt<\/option> \r\n\t\t\t\t\t\t<option value=\"sep\">septembre<\/option> \r\n\t\t\t\t\t\t<option value=\"oct\">octobre<\/option> \r\n\t\t\t\t\t\t<option value=\"nov\">novembre<\/option> \r\n\t\t\t\t\t\t<option value=\"dec\">d\u00e9cembre<\/option> \r\n\t\t\t\t\t<\/select>\r\n\t\t\t\t\t<select name=\"yr\">\r\n\t\t\t\t\t\t<option value=\"2025\" >2025<\/option>\r\n\t\t\t\t\t\t<option value=\"2026\"  selected>2026<\/option>\r\n\t\t\t\t\t\t<option value=\"2027\" >2027<\/option>\r\n\t\t\t\t\t\t<option value=\"2028\" >2028<\/option>\r\n\t\t\t\t\t\t<option value=\"2029\" >2029<\/option>\r\n\t\t\t\t\t\t<option value=\"2030\" >2030<\/option>\r\n\t\t\t\t\t\t<option value=\"2031\" >2031<\/option>\r\n\t\t\t\t\t\t<option value=\"2032\" >2032<\/option>\r\n\t\t\t\t\t\t<option value=\"2033\" >2033<\/option>\r\n\t\t\t\t\t\t<option value=\"2034\" >2034<\/option>\r\n\t\t\t\t\t\t<option value=\"2035\" >2035<\/option>\r\n\t\t\t\t\t\t<option value=\"2036\" >2036<\/option>\r\n\t\t\t\t\t\t<option value=\"2037\" >2037<\/option>\r\n\t\t\t\t\t\t<option value=\"2038\" >2038<\/option>\r\n\t\t\t\t\t\t<option value=\"2039\" >2039<\/option>\r\n\t\t\t\t\t\t<option value=\"2040\" >2040<\/option>\r\n\t\t\t\t\t\t<option value=\"2041\" >2041<\/option>\r\n\t\t\t\t\t\t<option value=\"2042\" >2042<\/option>\r\n\t\t\t\t\t\t<option value=\"2043\" >2043<\/option>\r\n\t\t\t\t\t\t<option value=\"2044\" >2044<\/option>\r\n\t\t\t\t\t\t<option value=\"2045\" >2045<\/option>\r\n\t\t\t\t\t\t<option value=\"2046\" >2046<\/option>\r\n\t\t\t\t\t\t<option value=\"2047\" >2047<\/option>\r\n\t\t\t\t\t\t<option value=\"2048\" >2048<\/option>\r\n\t\t\t\t\t\t<option value=\"2049\" >2049<\/option>\r\n\t\t\t\t\t\t<option value=\"2050\" >2050<\/option>\r\n\t\t\t\t\t\t<option value=\"2051\" >2051<\/option>\r\n\t\t\t\t\t\t<option value=\"2052\" >2052<\/option>\r\n\t\t\t\t\t\t<option value=\"2053\" >2053<\/option>\r\n\t\t\t\t\t\t<option value=\"2054\" >2054<\/option>\r\n\t\t\t\t\t\t<option value=\"2055\" >2055<\/option>\r\n\t\t\t\t\t<\/select>\t\t\r\n\t\t\t\t\t<input name=\"grid-list-toggle\" type=\"hidden\" value=\"grid\" \/>\t\t\r\n\t\t\t\t\t<input type=\"submit\" onclick=\"sessionStorage.scrollTop = jQuery(window).scrollTop();\" value=\"Go\" \/>\r\n\t\t\t\t<\/form>\r\n\t\t\t<\/td>\r\n\t\t\t<td class=\"calendar-next\"><a rel=\"nofollow\" title=\"Next month\" class=\"spiffy-calendar-arrow\" onclick=\"sessionStorage.scrollTop = jQuery(window).scrollTop();\" href=\"\/index.php\/wp-json\/wp\/v2\/pages\/2690?grid-list-toggle=grid&#038;month=may&#038;yr=2026\">&gt;<\/a><\/td>\r\n\t\t<\/tr>\r\n\t\t<\/table>\r\n\t<\/td><\/tr><tr class=\"weekday-titles\"><td class=\"normal-day-heading\">lundi<\/td><td class=\"normal-day-heading\">mardi<\/td><td class=\"normal-day-heading\">mercredi<\/td><td class=\"normal-day-heading\">jeudi<\/td><td class=\"normal-day-heading\">vendredi<\/td><td class=\"weekend-heading\">samedi<\/td><td class=\"weekend-heading\">dimanche<\/td><\/tr><tr>\t<td class=\"day-without-date\">&nbsp;<\/td>\t<td class=\"day-without-date\">&nbsp;<\/td>\t<td class=\"spiffy-day-1  no-events day-with-date\"><span class=\"day-number\">1<\/span><span class=\"spiffy-event-group\"><\/span><\/td>\t<td class=\"spiffy-day-2  no-events day-with-date\"><span class=\"day-number\">2<\/span><span class=\"spiffy-event-group\"><\/span><\/td>\t<td class=\"spiffy-day-3  no-events day-with-date\"><span class=\"day-number\">3<\/span><span class=\"spiffy-event-group\"><\/span><\/td>\t<td class=\"spiffy-day-4  weekend no-events day-with-date\"><span class=\"day-number weekend\">4<\/span><span class=\"spiffy-event-group\"><\/span><\/td>\t<td class=\"spiffy-day-5  weekend no-events day-with-date\"><span class=\"day-number weekend\">5<\/span><span class=\"spiffy-event-group\"><\/span><\/td><\/tr><tr>\t<td class=\"spiffy-day-6  no-events day-with-date\"><span class=\"day-number\">6<\/span><span class=\"spiffy-event-group\"><\/span><\/td>\t<td class=\"spiffy-day-7  no-events day-with-date\"><span class=\"day-number\">7<\/span><span class=\"spiffy-event-group\"><\/span><\/td>\t<td class=\"spiffy-day-8  no-events day-with-date\"><span class=\"day-number\">8<\/span><span class=\"spiffy-event-group\"><\/span><\/td>\t<td class=\"spiffy-day-9  no-events day-with-date\"><span class=\"day-number\">9<\/span><span class=\"spiffy-event-group\"><\/span><\/td>\t<td class=\"spiffy-day-10  no-events day-with-date\"><span class=\"day-number\">10<\/span><span class=\"spiffy-event-group\"><\/span><\/td>\t<td class=\"spiffy-day-11  weekend day-with-date\"><span class=\"day-number weekend\">11<\/span><span class=\"spiffy-event-group\"><span class=\"calnk category_51 spiffy-eventid-3261\"><span onclick=\"\" class=\"calnk-link\" style=\"color:#2562e8;\" ><span class=\"calnk-box\"><span class=\"spiffy-title\">Bourse aquariophile et reptiles du Scalaire du Centre<\/span><span class=\"spiffy-popup\" style=\"color:#2562e8;\" ><span class=\"event-title\" style=\"color:#2562e8;\" >Bourse aquariophile et reptiles du Scalaire du Centre<\/span><span class=\"event-title-break\"><\/span><span class=\"event-title-time\"><strong>Time:<\/strong> 0 h 00 min - 0 h 00 min<\/span><br \/><img decoding=\"async\" src=\"https:\/\/icaif.org\/wp-content\/uploads\/2026\/03\/Bourse-Scalaire-du-centre-definitive-150x150.jpg\" alt=\"\" \/><span class=\"ca-desc-p\">Bourse aquariophile et reptiles du Scalaire du Centre<\/span>\n<span class=\"ca-desc-p\">le 11 avril 2026 de 10h \u00e016h<\/span>\n<span class=\"ca-desc-p\">Athen\u00e9e Provincial<br \/>\n1 Boulevard du Tivoli 7100 La Louvi\u00e8re<\/span>\n<span class=\"ca-desc-p\">entr\u00e9e 1euro, gratuit pour les moins de 12 ans<\/span>\n<span class=\"ca-location-p\">Athen\u00e9e Provincial<br \/>\n1 Boulevard du Tivoli 7100 La Louvi\u00e8re<\/span>\n<\/span><\/span><\/span><\/span>\r\n<\/span><\/td>\t<td class=\"spiffy-day-12  weekend no-events day-with-date\"><span class=\"day-number weekend\">12<\/span><span class=\"spiffy-event-group\"><\/span><\/td><\/tr><tr>\t<td class=\"spiffy-day-13  no-events day-with-date\"><span class=\"day-number\">13<\/span><span class=\"spiffy-event-group\"><\/span><\/td>\t<td class=\"spiffy-day-14  no-events day-with-date\"><span class=\"day-number\">14<\/span><span class=\"spiffy-event-group\"><\/span><\/td>\t<td class=\"spiffy-day-15 current-day no-events day-with-date\"><span class=\"day-number\">15<\/span><span class=\"spiffy-event-group\"><\/span><\/td>\t<td class=\"spiffy-day-16  no-events day-with-date\"><span class=\"day-number\">16<\/span><span class=\"spiffy-event-group\"><\/span><\/td>\t<td class=\"spiffy-day-17  no-events day-with-date\"><span class=\"day-number\">17<\/span><span class=\"spiffy-event-group\"><\/span><\/td>\t<td class=\"spiffy-day-18  weekend no-events day-with-date\"><span class=\"day-number weekend\">18<\/span><span class=\"spiffy-event-group\"><\/span><\/td>\t<td class=\"spiffy-day-19  weekend day-with-date\"><span class=\"day-number weekend\">19<\/span><span class=\"spiffy-event-group\"><span class=\"calnk category_51 spiffy-eventid-3378\"><span onclick=\"\" class=\"calnk-link\" style=\"color:#2562e8;\" ><span class=\"calnk-box\"><span class=\"spiffy-title\">Bourse aux poissons de Nancy<\/span><span class=\"spiffy-popup\" style=\"color:#2562e8;\" ><span class=\"event-title\" style=\"color:#2562e8;\" >Bourse aux poissons de Nancy<\/span><span class=\"event-title-break\"><\/span><span class=\"event-title-time\"><strong>Time:<\/strong> 0 h 00 min - 0 h 00 min<\/span><br \/><img decoding=\"async\" src=\"https:\/\/icaif.org\/wp-content\/uploads\/2026\/03\/bourse_Nancy-150x150.jpg\" alt=\"\" \/><span class=\"ca-desc-p\">Le dimanche 19 avril 2026 de 10h \u00e0 midi et de 14h \u00e0 17h, le cercle aquariophile de Nancy organise une bourse aux poissons, plantes, reptiles, insectes et mat\u00e9riel au Gymnase MJC Bazin 47 rue Henri Bazin.<\/span>\n<span class=\"ca-desc-p\">Entr\u00e9e gratuite , accessible aux PMR<\/span>\n<span class=\"ca-desc-p\">Renseignements et inscriptions: cercleaquanancy@gmail.com<\/span>\n<span class=\"ca-location-p\">Gymnase MJC Bazin<br \/>\n47 rue Henri Bazin.<br \/>\n54000 Nancy<\/span>\n<\/span><\/span><\/span><\/span>\r\n<span class=\"calnk category_51 spiffy-eventid-3376\"><span onclick=\"\" class=\"calnk-link\" style=\"color:#2562e8;\" ><span class=\"calnk-box\"><span class=\"spiffy-title\">Bourse aquariophile Aquatide<\/span><span class=\"spiffy-popup\" style=\"color:#2562e8;\" ><span class=\"event-title\" style=\"color:#2562e8;\" >Bourse aquariophile Aquatide<\/span><span class=\"event-title-break\"><\/span><span class=\"event-title-time\"><strong>Time:<\/strong> 0 h 00 min - 0 h 00 min<\/span><br \/><img decoding=\"async\" src=\"https:\/\/icaif.org\/wp-content\/uploads\/2026\/03\/Bourse-Aquatide-150x150.jpg\" alt=\"\" \/><span class=\"ca-desc-p\">Cette bourse aquariophile se d\u00e9roulera le 19 avril 2026 de 10h \u00e0 17h au Charleroi Espace Meeting Europ\u00e9en situ\u00e9 147 rue des Fran\u00e7ais \u00e0 6020 Charleroi.<\/span>\n<span class=\"ca-desc-p\">prix d'entr\u00e9e: 3\u20ac gratuit pour les enfants de moins d'un m\u00e8tre vingt.<\/span>\n<span class=\"ca-desc-p\">Inscription exposant: CONTACT@INSECTOPY.COM<\/span>\n<span class=\"ca-location-p\">Charleroi Espace Meeting Europ\u00e9en<br \/>\nrue des Fran\u00e7ais, 147<br \/>\n6020 Charleroi.\u00a0<\/span>\n<\/span><\/span><\/span><\/span>\r\n<\/span><\/td><\/tr><tr>\t<td class=\"spiffy-day-20  no-events day-with-date\"><span class=\"day-number\">20<\/span><span class=\"spiffy-event-group\"><\/span><\/td>\t<td class=\"spiffy-day-21  no-events day-with-date\"><span class=\"day-number\">21<\/span><span class=\"spiffy-event-group\"><\/span><\/td>\t<td class=\"spiffy-day-22  no-events day-with-date\"><span class=\"day-number\">22<\/span><span class=\"spiffy-event-group\"><\/span><\/td>\t<td class=\"spiffy-day-23  no-events day-with-date\"><span class=\"day-number\">23<\/span><span class=\"spiffy-event-group\"><\/span><\/td>\t<td class=\"spiffy-day-24  no-events day-with-date\"><span class=\"day-number\">24<\/span><span class=\"spiffy-event-group\"><\/span><\/td>\t<td class=\"spiffy-day-25  weekend no-events day-with-date\"><span class=\"day-number weekend\">25<\/span><span class=\"spiffy-event-group\"><\/span><\/td>\t<td class=\"spiffy-day-26  weekend no-events day-with-date\"><span class=\"day-number weekend\">26<\/span><span class=\"spiffy-event-group\"><\/span><\/td><\/tr><tr>\t<td class=\"spiffy-day-27  no-events day-with-date\"><span class=\"day-number\">27<\/span><span class=\"spiffy-event-group\"><\/span><\/td>\t<td class=\"spiffy-day-28  no-events day-with-date\"><span class=\"day-number\">28<\/span><span class=\"spiffy-event-group\"><\/span><\/td>\t<td class=\"spiffy-day-29  no-events day-with-date\"><span class=\"day-number\">29<\/span><span class=\"spiffy-event-group\"><\/span><\/td>\t<td class=\"spiffy-day-30  no-events day-with-date\"><span class=\"day-number\">30<\/span><span class=\"spiffy-event-group\"><\/span><\/td>\t<td class=\"day-without-date\">&nbsp;<\/td>\t<td class=\"day-without-date weekend\">&nbsp;<\/td>\t<td class=\"day-without-date weekend\">&nbsp;<\/td><\/tr><\/table>\n","protected":false},"excerpt":{"rendered":"<p><span class=\"more-link\"><a href=\"https:\/\/icaif.org\/index.php\/agenda\/\">En savoir +<\/a><\/span><\/p>\n","protected":false},"author":1,"featured_media":0,"parent":0,"menu_order":0,"comment_status":"closed","ping_status":"closed","template":"","meta":{"footnotes":""},"class_list":["entry","author-admin7729","post-2690","page","type-page","status-publish"],"_links":{"self":[{"href":"https:\/\/icaif.org\/index.php\/wp-json\/wp\/v2\/pages\/2690","targetHints":{"allow":["GET"]}}],"collection":[{"href":"https:\/\/icaif.org\/index.php\/wp-json\/wp\/v2\/pages"}],"about":[{"href":"https:\/\/icaif.org\/index.php\/wp-json\/wp\/v2\/types\/page"}],"author":[{"embeddable":true,"href":"https:\/\/icaif.org\/index.php\/wp-json\/wp\/v2\/users\/1"}],"replies":[{"embeddable":true,"href":"https:\/\/icaif.org\/index.php\/wp-json\/wp\/v2\/comments?post=2690"}],"version-history":[{"count":2,"href":"https:\/\/icaif.org\/index.php\/wp-json\/wp\/v2\/pages\/2690\/revisions"}],"predecessor-version":[{"id":2694,"href":"https:\/\/icaif.org\/index.php\/wp-json\/wp\/v2\/pages\/2690\/revisions\/2694"}],"wp:attachment":[{"href":"https:\/\/icaif.org\/index.php\/wp-json\/wp\/v2\/media?parent=2690"}],"curies":[{"name":"wp","href":"https:\/\/api.w.org\/{rel}","templated":true}]}}