{"id":239,"date":"2018-11-21T15:05:40","date_gmt":"2018-11-21T14:05:40","guid":{"rendered":"http:\/\/icaif.org\/?page_id=239"},"modified":"2026-02-19T19:01:21","modified_gmt":"2026-02-19T18:01:21","slug":"consultation-des-feuillets","status":"publish","type":"page","link":"https:\/\/icaif.org\/index.php\/feuillets-interclubs\/consultation-des-feuillets\/","title":{"rendered":"Consultation des feuillets"},"content":{"rendered":"<blockquote>\n<p><strong>Consulter les feuillets<\/strong><\/p>\n<\/blockquote>\n<div class=\"inner\">\n<p><strong>Nous vous proposons de parcourir ici le Feuillet de l&rsquo;Interclub ainsi que quelques anciennes publications.<\/strong><\/p>\n<p>\u00a0<\/p>\n<p><a href=\"https:\/\/icaif.org\/wp-content\/uploads\/2026\/02\/02-fevrier-2026.pdf\">2026 F\u00e9vrier<\/a><\/p>\n<p><a href=\"https:\/\/icaif.org\/wp-content\/uploads\/2025\/11\/10-decembre-2025-1-scaled.jpg\">2025 D\u00e9cembre<\/a><\/p>\n<p><a href=\"https:\/\/icaif.org\/wp-content\/uploads\/2025\/09\/07-septembre-2025.pdf\">2025 Septembre<\/a><\/p>\n<p><a href=\"https:\/\/icaif.org\/wp-content\/uploads\/2025\/06\/06-juin-2025.pdf\">2025 Juin<\/a><\/p>\n<p><a href=\"https:\/\/icaif.org\/wp-content\/uploads\/2025\/04\/05-mai-2025.pdf\">2025 Mai<\/a><\/p>\n<p><a href=\"https:\/\/icaif.org\/wp-content\/uploads\/2025\/03\/04-avril-2025.pdf\">2025 Avril<\/a><\/p>\n<p><a href=\"https:\/\/icaif.org\/wp-content\/uploads\/2025\/01\/02-fevrier-2025-2.pdf\">2025 F\u00e9vrier<\/a> \u00a0<\/p>\n<p><a href=\"https:\/\/icaif.org\/wp-content\/uploads\/2025\/01\/2025-01-janvier-1.pdf\">2025 Janvier<\/a><\/p>\n<p><a href=\"https:\/\/icaif.org\/wp-content\/uploads\/2024\/11\/10-Decembre-2024-1-scaled.jpg\">2024 D\u00e9cembre<\/a><\/p>\n<p><a href=\"https:\/\/icaif.org\/wp-content\/uploads\/2024\/10\/09-Novembre-2024.pdf\">2024 Novembre<\/a><\/p>\n<p><a href=\"https:\/\/icaif.org\/wp-content\/uploads\/2024\/09\/08-Octobre-2024-1.jpg\">2024 Octobre<\/a><\/p>\n<p><a href=\"https:\/\/icaif.org\/wp-content\/uploads\/2024\/08\/07-Septembre-2024.pdf\">2024 Septembre<\/a><\/p>\n<p><a href=\"https:\/\/icaif.org\/wp-content\/uploads\/2024\/06\/06-Juin-2024.pdf\">2024 Juin<\/a><\/p>\n<p><a href=\"https:\/\/icaif.org\/wp-content\/uploads\/2024\/05\/05-Mai-2024.pdf\">2024 Mai<\/a><\/p>\n<p><a href=\"https:\/\/icaif.org\/wp-content\/uploads\/2024\/03\/04-Avril-2024.pdf\">2024 Avril<\/a><\/p>\n<p><a href=\"https:\/\/icaif.org\/wp-content\/uploads\/2024\/03\/03-Mars-2024.pdf\">2024 Mars<\/a><\/p>\n<p><a href=\"https:\/\/icaif.org\/wp-content\/uploads\/2024\/01\/02-Fevrier-2024-1.pdf\">2024 F\u00e9vrier<\/a><\/p>\n<p><a href=\"https:\/\/icaif.org\/wp-content\/uploads\/2023\/12\/01-janvier-2024-feuillet-1.pdf\">2024 Janvier<\/a><\/p>\n<p><a href=\"https:\/\/icaif.org\/wp-content\/uploads\/2023\/12\/10-dec-2023-1.pdf\">2023 D\u00e9cembre<\/a><\/p>\n<p><a href=\"https:\/\/icaif.org\/wp-content\/uploads\/2023\/09\/08-oct-2023-1.pdf\">2023 Octobre<\/a><\/p>\n<p><a href=\"https:\/\/icaif.org\/wp-content\/uploads\/2023\/08\/07-sept-2023-2.pdf\">2023 Septembre<\/a><\/p>\n<p><a href=\"https:\/\/icaif.org\/wp-content\/uploads\/2023\/06\/06-juin-2023_1.jpg\">2023 Juin<\/a><\/p>\n<p><a style=\"font-size: revert;\" href=\"https:\/\/icaif.org\/wp-content\/uploads\/2023\/01\/2023-02.pdf\" target=\"_blank\" rel=\"noopener\">2023 F\u00e9vrier<\/a><\/p>\n<p><a href=\"https:\/\/icaif.org\/wp-content\/uploads\/2022\/12\/2023-01.pdf\" target=\"_blank\" rel=\"noopener\">2023 Janvier<\/a><br \/><a href=\"https:\/\/icaif.org\/wp-content\/uploads\/2022\/11\/2022-12.pdf\" target=\"_blank\" rel=\"noopener\">2022 Novembre<\/a><br \/><a href=\"https:\/\/icaif.org\/wp-content\/uploads\/2022\/10\/2022-10.pdf\" target=\"_blank\" rel=\"noopener\">2022 Octobre<\/a><br \/><a href=\"https:\/\/icaif.org\/wp-content\/uploads\/2022\/04\/2022-05.pdf\" target=\"_blank\" rel=\"noopener\">2022 Mai<\/a><br \/><a href=\"https:\/\/icaif.org\/wp-content\/uploads\/2022\/03\/2022-04.pdf\" target=\"_blank\" rel=\"noopener\">2022 Avril<\/a><br \/><a href=\"https:\/\/icaif.org\/wp-content\/uploads\/2022\/02\/2022-03.pdf\" target=\"_blank\" rel=\"noopener\">2022 Mars<\/a><\/p>\n<\/div>\n\n\n<p><\/p>\n","protected":false},"excerpt":{"rendered":"<p>Consulter les feuillets Nous vous proposons de parcourir ici le Feuillet de l&rsquo;Interclub ainsi que quelques anciennes publications. \u00a0 2026 F\u00e9vrier 2025 D\u00e9cembre 2025 Septembre 2025 Juin 2025 Mai 2025 Avril 2025 F\u00e9vrier \u00a0 2025 Janvier 2024 D\u00e9cembre 2024 Novembre 2024 Octobre 2024 Septembre 2024 Juin 2024 Mai 2024 Avril<span class=\"more-link\"><a href=\"https:\/\/icaif.org\/index.php\/feuillets-interclubs\/consultation-des-feuillets\/\">En savoir +<\/a><\/span><\/p>\n","protected":false},"author":1,"featured_media":0,"parent":193,"menu_order":2,"comment_status":"closed","ping_status":"closed","template":"","meta":{"footnotes":""},"class_list":["entry","author-admin7729","post-239","page","type-page","status-publish"],"_links":{"self":[{"href":"https:\/\/icaif.org\/index.php\/wp-json\/wp\/v2\/pages\/239","targetHints":{"allow":["GET"]}}],"collection":[{"href":"https:\/\/icaif.org\/index.php\/wp-json\/wp\/v2\/pages"}],"about":[{"href":"https:\/\/icaif.org\/index.php\/wp-json\/wp\/v2\/types\/page"}],"author":[{"embeddable":true,"href":"https:\/\/icaif.org\/index.php\/wp-json\/wp\/v2\/users\/1"}],"replies":[{"embeddable":true,"href":"https:\/\/icaif.org\/index.php\/wp-json\/wp\/v2\/comments?post=239"}],"version-history":[{"count":97,"href":"https:\/\/icaif.org\/index.php\/wp-json\/wp\/v2\/pages\/239\/revisions"}],"predecessor-version":[{"id":3338,"href":"https:\/\/icaif.org\/index.php\/wp-json\/wp\/v2\/pages\/239\/revisions\/3338"}],"up":[{"embeddable":true,"href":"https:\/\/icaif.org\/index.php\/wp-json\/wp\/v2\/pages\/193"}],"wp:attachment":[{"href":"https:\/\/icaif.org\/index.php\/wp-json\/wp\/v2\/media?parent=239"}],"curies":[{"name":"wp","href":"https:\/\/api.w.org\/{rel}","templated":true}]}}