{"id":208,"date":"2018-11-17T23:55:20","date_gmt":"2018-11-17T22:55:20","guid":{"rendered":"http:\/\/icaif.org\/?page_id=208"},"modified":"2025-03-06T21:23:48","modified_gmt":"2025-03-06T20:23:48","slug":"organisation","status":"publish","type":"page","link":"https:\/\/icaif.org\/index.php\/icaif\/organisation\/","title":{"rendered":"Organisation"},"content":{"rendered":"<div class=\"lstMembre\">\n<div>\n<hr \/>\n<\/div>\n<div style=\"text-align: center;\"><span style=\"color: #ff0000;\"><strong>Pr\u00e9sident<\/strong><\/span><\/div>\n<div><\/div>\n<div>\n<blockquote><p>Pr\u00e9sident : Eric Wilmotte<\/p>\n<p>email: ericwilmotte@gmail.com<\/p>\n<p>Vice-pr\u00e9sidente: Brigitte Honnorez<\/p>\n<p>email: brigittehonnorez@hotmail.com<\/p><\/blockquote>\n<\/div>\n<div>\n<hr \/>\n<\/div>\n<\/div>\n<div style=\"text-align: center;\"><\/div>\n<div>\n<hr \/>\n<\/div>\n<div class=\"lstMembre\" style=\"text-align: center;\">\n<div class=\"membre\"><strong><span style=\"color: #ff0000;\">Tr\u00e9sorier<\/span><br \/>\nL&rsquo;Hoir Michel<\/strong><br \/>\nDistribution de la revue Aquafauna<br \/>\n+32 (0)65 78 29 03<\/div>\n<div><img loading=\"lazy\" decoding=\"async\" class=\"alignnone wp-image-2248 size-full\" src=\"https:\/\/icaif.org\/wp-content\/uploads\/2021\/12\/Michel-03.jpg\" alt=\"\" width=\"150\" height=\"150\" srcset=\"https:\/\/icaif.org\/wp-content\/uploads\/2021\/12\/Michel-03.jpg 150w, https:\/\/icaif.org\/wp-content\/uploads\/2021\/12\/Michel-03-100x100.jpg 100w\" sizes=\"auto, (max-width: 150px) 100vw, 150px\" \/><\/div>\n<div>\n<hr \/>\n<\/div>\n<\/div>\n<div class=\"lstMembre\" style=\"text-align: center;\">\n<div class=\"membre\"><strong><span style=\"color: #ff0000;\">Administratrice<\/span><br \/>\nHONNOREZ Brigitte<\/strong><br \/>\n+32 (0)494 86 93 52<\/div>\n<div><img loading=\"lazy\" decoding=\"async\" class=\"size-full wp-image-1666 aligncenter\" src=\"https:\/\/icaif.org\/wp-content\/uploads\/2021\/01\/Brigitte.jpg\" alt=\"\" width=\"153\" height=\"150\" \/><\/div>\n<div>\n<hr \/>\n<\/div>\n<div class=\"membre\"><strong><span style=\"color: #ff0000;\">Administrateur<\/span><br \/>\nVIELVOYE Daniel<\/strong><br \/>\n+32(0)476 41 79 68<\/div>\n<div><img loading=\"lazy\" decoding=\"async\" class=\"size-full wp-image-1667 aligncenter\" src=\"https:\/\/icaif.org\/wp-content\/uploads\/2021\/01\/Daniel.jpg\" alt=\"\" width=\"150\" height=\"150\" srcset=\"https:\/\/icaif.org\/wp-content\/uploads\/2021\/01\/Daniel.jpg 150w, https:\/\/icaif.org\/wp-content\/uploads\/2021\/01\/Daniel-100x100.jpg 100w\" sizes=\"auto, (max-width: 150px) 100vw, 150px\" \/><\/div>\n<\/div>\n<div id=\"ConnectiveDocSignExtentionInstalled\" data-extension-version=\"1.0.4\"><\/div>\n","protected":false},"excerpt":{"rendered":"<p>Pr\u00e9sident Pr\u00e9sident : Eric Wilmotte email: ericwilmotte@gmail.com Vice-pr\u00e9sidente: Brigitte Honnorez email: brigittehonnorez@hotmail.com Tr\u00e9sorier L&rsquo;Hoir Michel Distribution de la revue Aquafauna +32 (0)65 78 29 03 Administratrice HONNOREZ Brigitte +32 (0)494 86 93 52 Administrateur VIELVOYE Daniel +32(0)476 41 79 68<span class=\"more-link\"><a href=\"https:\/\/icaif.org\/index.php\/icaif\/organisation\/\">En savoir +<\/a><\/span><\/p>\n","protected":false},"author":1,"featured_media":0,"parent":54,"menu_order":3,"comment_status":"closed","ping_status":"closed","template":"","meta":{"footnotes":""},"class_list":["entry","author-admin7729","post-208","page","type-page","status-publish"],"_links":{"self":[{"href":"https:\/\/icaif.org\/index.php\/wp-json\/wp\/v2\/pages\/208","targetHints":{"allow":["GET"]}}],"collection":[{"href":"https:\/\/icaif.org\/index.php\/wp-json\/wp\/v2\/pages"}],"about":[{"href":"https:\/\/icaif.org\/index.php\/wp-json\/wp\/v2\/types\/page"}],"author":[{"embeddable":true,"href":"https:\/\/icaif.org\/index.php\/wp-json\/wp\/v2\/users\/1"}],"replies":[{"embeddable":true,"href":"https:\/\/icaif.org\/index.php\/wp-json\/wp\/v2\/comments?post=208"}],"version-history":[{"count":31,"href":"https:\/\/icaif.org\/index.php\/wp-json\/wp\/v2\/pages\/208\/revisions"}],"predecessor-version":[{"id":3174,"href":"https:\/\/icaif.org\/index.php\/wp-json\/wp\/v2\/pages\/208\/revisions\/3174"}],"up":[{"embeddable":true,"href":"https:\/\/icaif.org\/index.php\/wp-json\/wp\/v2\/pages\/54"}],"wp:attachment":[{"href":"https:\/\/icaif.org\/index.php\/wp-json\/wp\/v2\/media?parent=208"}],"curies":[{"name":"wp","href":"https:\/\/api.w.org\/{rel}","templated":true}]}}