{"id":139,"date":"2018-11-16T23:47:08","date_gmt":"2018-11-16T22:47:08","guid":{"rendered":"http:\/\/icaif.org\/?page_id=139"},"modified":"2023-10-15T15:14:14","modified_gmt":"2023-10-15T13:14:14","slug":"presentation","status":"publish","type":"page","link":"https:\/\/icaif.org\/index.php\/presentation\/","title":{"rendered":"Pr\u00e9sentation"},"content":{"rendered":"<div class=\"main-holder\">\n<div class=\"main-frame\">\n<div class=\"main-frame2\">\n<div id=\"twocolumns\">\n<div id=\"content\">\n<div class=\"text-news\">\n<div class=\"inner\">\n<div class=\"inner\">\n<p><img decoding=\"async\" src=\"https:\/\/www.icaif.be\/uploaded\/Aquafauna\/picture-25.jpg\" alt=\"\" \/><\/p>\n<blockquote><p><strong>La revue AQUAFAUNA<\/strong><\/p><\/blockquote>\n<p>L&rsquo;ICAIF publie une revue trimestrielle sp\u00e9cialis\u00e9e, l&rsquo;Aquafauna, s&rsquo;adressant\u00a0 aux passionn\u00e9s d&rsquo;aquariophilie: biotopes naturels, eau de mer, eau douce,\u00a0 techniques, etc. Cette revue est distribu\u00e9e aux membres des clubs associ\u00e9s. L&rsquo;abonnement \u00e0 titre individuel est \u00e9galement propos\u00e9 tant en Belgique qu&rsquo;\u00e0 l&rsquo;\u00e9tranger aux conditions reprises ci-dessous.<br \/>\nIl est \u00e9galement possible de commander s\u00e9par\u00e9ment d&rsquo;anciens num\u00e9ros d\u00e9j\u00e0 parus dans la boutique.<\/p>\n<ul>\n<li><em><strong>Pour savoir le montant des frais de port veuillez demander un devis aupr\u00e8s de Michel L&rsquo;Hoir:<\/strong><\/em> <a href=\"mailto:i.c.a.i.f.m.lhoir@gmail.com\">i.c.a.i.f.m.lhoir@gmail.com<\/a><\/li>\n<\/ul>\n<ul>\n<li><strong>Abonnements\u00a0<\/strong><br \/>\n<strong>Tarif<\/strong> (1 ann\u00e9e &#8211; 4 num\u00e9ros )<br \/>\nBelgique\u00a0\u00a0\u00a0\u00a0\u00a0\u00a0\u00a0 16 \u20ac\u00a0\u00a0 (par virement bancaire)<br \/>\nAutres pays\u00a0\u00a0 23 \u20ac\u00a0\u00a0 (par virement bancaire ou mandat poste international)<\/li>\n<\/ul>\n<p><strong>#Virement bancaire<\/strong><\/p>\n<p>Le montant total est \u00e0 verser avec la mention \u00ab\u00a0Abonnement Aquafauna\u00a0\u00bb sur le compte:<\/p>\n<p>BNP Paribas Fortis<br \/>\n<strong>BE77 0015 7488 6542\u00a0<\/strong><br \/>\nBIC<strong> : GEBABEBB<\/strong><\/p>\n<p>L&rsquo;Hoir Michel<br \/>\nRoute d&rsquo;Eugies, 35<br \/>\nB-7000\u00a0Mons<\/p>\n<p><a href=\"mailto:i.c.a.i.f.m.lhoir@gmail.com\">i.c.a.i.f.m.lhoir@gmail.com<\/a><\/p>\n<p><strong>#Ch\u00e8que barr\u00e9<\/strong> (France uniquement) <strong>ou mandat poste international <\/strong>\u00e0 adresser \u00e0:<br \/>\nAquafauna &#8211; Association Aquafauna<br \/>\nL&rsquo;Hoir Michel<br \/>\nRoute d&rsquo;Eugies, 35<br \/>\nB-7000\u00a0Mons<\/p>\n<ul>\n<li><strong>Prix des\u00a0anciens num\u00e9ros :<\/strong><br \/>\nDe l&rsquo;ann\u00e9e en cours : 3 \u20ac<br \/>\nDe plus de 12 mois : 1 \u20ac<br \/>\nDe plus de 24 mois : 0, 5 \u20ac<\/li>\n<\/ul>\n<p>Paiement par virement, ch\u00e8que ou mandat avec la mention \u00a0\u00bb Pour l&rsquo; (les) ancien(s)\u00a0 N\u00b0 &#8230; \u00a0\u00bb<\/p>\n<ul>\n<li><strong>Classeurs (1 classeur convient pour 12 num\u00e9ros) : 6 \u20ac<\/strong><\/li>\n<li>Profitez de votre visite aux bourses des clubs affili\u00e9s \u00e0 l&rsquo;ICAIF pour compl\u00e9ter votre collection de revues Aquafauna.<\/li>\n<\/ul>\n<div><\/div>\n<\/div>\n<\/div>\n<\/div>\n<\/div>\n<\/div>\n<\/div>\n<\/div>\n<\/div>\n<div id=\"ConnectiveDocSignExtentionInstalled\" data-extension-version=\"1.0.4\"><\/div>\n","protected":false},"excerpt":{"rendered":"<p>La revue AQUAFAUNA L&rsquo;ICAIF publie une revue trimestrielle sp\u00e9cialis\u00e9e, l&rsquo;Aquafauna, s&rsquo;adressant\u00a0 aux passionn\u00e9s d&rsquo;aquariophilie: biotopes naturels, eau de mer, eau douce,\u00a0 techniques, etc. Cette revue est distribu\u00e9e aux membres des clubs associ\u00e9s. L&rsquo;abonnement \u00e0 titre individuel est \u00e9galement propos\u00e9 tant en Belgique qu&rsquo;\u00e0 l&rsquo;\u00e9tranger aux conditions reprises ci-dessous. Il est<span class=\"more-link\"><a href=\"https:\/\/icaif.org\/index.php\/presentation\/\">En savoir +<\/a><\/span><\/p>\n","protected":false},"author":1,"featured_media":0,"parent":0,"menu_order":0,"comment_status":"closed","ping_status":"closed","template":"","meta":{"footnotes":""},"class_list":["entry","author-admin7729","post-139","page","type-page","status-publish"],"_links":{"self":[{"href":"https:\/\/icaif.org\/index.php\/wp-json\/wp\/v2\/pages\/139","targetHints":{"allow":["GET"]}}],"collection":[{"href":"https:\/\/icaif.org\/index.php\/wp-json\/wp\/v2\/pages"}],"about":[{"href":"https:\/\/icaif.org\/index.php\/wp-json\/wp\/v2\/types\/page"}],"author":[{"embeddable":true,"href":"https:\/\/icaif.org\/index.php\/wp-json\/wp\/v2\/users\/1"}],"replies":[{"embeddable":true,"href":"https:\/\/icaif.org\/index.php\/wp-json\/wp\/v2\/comments?post=139"}],"version-history":[{"count":8,"href":"https:\/\/icaif.org\/index.php\/wp-json\/wp\/v2\/pages\/139\/revisions"}],"predecessor-version":[{"id":2922,"href":"https:\/\/icaif.org\/index.php\/wp-json\/wp\/v2\/pages\/139\/revisions\/2922"}],"wp:attachment":[{"href":"https:\/\/icaif.org\/index.php\/wp-json\/wp\/v2\/media?parent=139"}],"curies":[{"name":"wp","href":"https:\/\/api.w.org\/{rel}","templated":true}]}}