{"id":104,"date":"2018-11-16T17:25:20","date_gmt":"2018-11-16T16:25:20","guid":{"rendered":"http:\/\/icaif.org\/?page_id=104"},"modified":"2024-11-20T14:32:26","modified_gmt":"2024-11-20T13:32:26","slug":"societe-aquariophile-wallonne","status":"publish","type":"page","link":"https:\/\/icaif.org\/index.php\/clubs-affilies\/societe-aquariophile-wallonne\/","title":{"rendered":"Soci\u00e9t\u00e9 Aquariophile Wallonne (Frani\u00e8re)"},"content":{"rendered":"<p style=\"text-align: center;\"><img loading=\"lazy\" decoding=\"async\" class=\"size-full wp-image-291 aligncenter\" src=\"https:\/\/icaif.org\/wp-content\/uploads\/2018\/11\/gylogo.jpg\" alt=\"\" width=\"100\" height=\"142\" \/><\/p>\n<p>Local : rue de Deminche, 15 \/ B-5150 Frani\u00e8re<br \/>\nR\u00e9unions : le 2<sup><span style=\"font-size: small;\">\u00e8me<\/span><\/sup> samedi du mois \u00e0 14h<\/p>\n<p>Pr\u00e9sident :<\/p>\n<ul>\n<li>LESCEUX Andr\u00e9 +32(0)475 96 42 57 <a href=\"mailto:lesceuxandre@hotmail.com\">lesceuxandre@hotmail.com<\/a><\/li>\n<\/ul>\n<p>Tr\u00e9sorier :<\/p>\n<ul>\n<li>ANSPACH Rapha\u00ebl<\/li>\n<\/ul>\n<p>Secr\u00e9taire et repr\u00e9sentant IC :<\/p>\n<ul>\n<li>BLIECK Pierre +32(0)498 40 60 91 <a href=\"mailto:pblieck@gmail.com\">pblieck@gmail.com<\/a><\/li>\n<\/ul>\n<p>Courrier:<\/p>\n<ul>\n<li>MEERSMAN Robert\u00a0<a href=\"info@saw-namur.be\">info@saw-namur.be<\/a><\/li>\n<\/ul>\n<p>Site internet : <u><a href=\"http:\/\/www.saw-namur.be\" target=\"_blank\" rel=\"noopener\">www.saw-namur.be<\/a><\/u><\/p>\n<div id=\"ConnectiveDocSignExtentionInstalled\" data-extension-version=\"1.0.4\"><\/div>\n","protected":false},"excerpt":{"rendered":"<p>Local : rue de Deminche, 15 \/ B-5150 Frani\u00e8re R\u00e9unions : le 2\u00e8me samedi du mois \u00e0 14h Pr\u00e9sident : LESCEUX Andr\u00e9 +32(0)475 96 42 57 lesceuxandre@hotmail.com Tr\u00e9sorier : ANSPACH Rapha\u00ebl Secr\u00e9taire et repr\u00e9sentant IC : BLIECK Pierre +32(0)498 40 60 91 pblieck@gmail.com Courrier: MEERSMAN Robert\u00a0info@saw-namur.be Site internet : www.saw-namur.be<span class=\"more-link\"><a href=\"https:\/\/icaif.org\/index.php\/clubs-affilies\/societe-aquariophile-wallonne\/\">En savoir +<\/a><\/span><\/p>\n","protected":false},"author":1,"featured_media":0,"parent":42,"menu_order":14,"comment_status":"closed","ping_status":"closed","template":"","meta":{"footnotes":""},"class_list":["entry","author-admin7729","post-104","page","type-page","status-publish"],"_links":{"self":[{"href":"https:\/\/icaif.org\/index.php\/wp-json\/wp\/v2\/pages\/104","targetHints":{"allow":["GET"]}}],"collection":[{"href":"https:\/\/icaif.org\/index.php\/wp-json\/wp\/v2\/pages"}],"about":[{"href":"https:\/\/icaif.org\/index.php\/wp-json\/wp\/v2\/types\/page"}],"author":[{"embeddable":true,"href":"https:\/\/icaif.org\/index.php\/wp-json\/wp\/v2\/users\/1"}],"replies":[{"embeddable":true,"href":"https:\/\/icaif.org\/index.php\/wp-json\/wp\/v2\/comments?post=104"}],"version-history":[{"count":9,"href":"https:\/\/icaif.org\/index.php\/wp-json\/wp\/v2\/pages\/104\/revisions"}],"predecessor-version":[{"id":3112,"href":"https:\/\/icaif.org\/index.php\/wp-json\/wp\/v2\/pages\/104\/revisions\/3112"}],"up":[{"embeddable":true,"href":"https:\/\/icaif.org\/index.php\/wp-json\/wp\/v2\/pages\/42"}],"wp:attachment":[{"href":"https:\/\/icaif.org\/index.php\/wp-json\/wp\/v2\/media?parent=104"}],"curies":[{"name":"wp","href":"https:\/\/api.w.org\/{rel}","templated":true}]}}